Calculate the highest common divisor of j and 126.
42
Let f = 3353 - 3229. What is the greatest common factor of f and 806?
62
Let j(a) = a**2 - 141*a + 3831. Let p be j(120). What is the highest common divisor of p and 276?
69
Let k = -52 + 36. Suppose 0 = i + i + 60. Let l be i*12/k*2. What is the greatest common divisor of 9 and l?
9
Let m(l) = -8*l**3 + 2*l**2 + 58*l + 57. Let g be m(-1). Let x(s) = s**3 + 4*s**2 - 4*s + 3. Let n be x(3). Calculate the greatest common divisor of n and g.
9
Let n = -2462 - -2534. Let u(p) = 51*p + 6. Let z be u(6). What is the highest common divisor of n and z?
24
Let p = 7888 + -7223. What is the greatest common divisor of 385 and p?
35
Suppose i - d = -3, 22*i = 25*i + 4*d - 26. Let s = -29 - -41. Suppose -i*r = 2*w - 18 - s, -3*r = -3*w + 21. What is the greatest common divisor of 44 and w?
11
Let n(f) = 3*f**3 - 57*f**2 - 166*f + 36. Let y be n(24). What is the greatest common factor of 4416 and y?
276
Let j = -5591 + 14270. What is the greatest common factor of j and 55?
11
Suppose -6*w = -63 - 21. Let n be 21/w + 6/(-4). Suppose -9*h + 628 + 65 = n. Calculate the greatest common factor of 33 and h.
11
Let l be 1*-5*19/((-57)/87). What is the highest common factor of 80 and l?
5
Let z(p) = 113*p + 4872. Let y be z(30). Calculate the greatest common divisor of y and 108.
54
Suppose 6*r - 547 = 191. Suppose -5*t + 47 = -r. Let a(h) = -h**3 + 13*h**2 - 13*h. Let n be a(10). What is the greatest common factor of t and n?
34
Let c(p) = 11*p**2 + 9*p - 2. Let v be c(-4). Suppose -7*f + 107 + v = 0. What is the greatest common factor of f and 20?
5
Let g(p) = 95*p - 52. Suppose -12*i + 21 - 9 = 0. Let t be g(i). Calculate the highest common factor of t and 2.
1
Suppose -152*n = -144*n - 432. Suppose b = -4*r + 78, -r + 3*b + 80 = n. Calculate the greatest common divisor of 620 and r.
20
Let d = 19 - 9. Suppose -8 + 2 = 6*a. Let j be 0 + a + 3 + 108. Calculate the highest common factor of j and d.
10
Let j be ((-22)/(-4))/(513/3078). What is the highest common divisor of j and 5181?
33
Let u be (-5)/(15/12) + 6. Suppose 0 = -t - 0*t. Suppose -3*x + x + 36 = t. Calculate the highest common factor of x and u.
2
Let g = 143 + -95. Let p(q) be the third derivative of q**4/24 + 17*q**3/6 - 15*q**2. Let k be p(-5). What is the highest common factor of k and g?
12
Let c = -30434 - -39821. What is the greatest common factor of 63 and c?
63
Suppose 5*c + 2026 = 106*r - 102*r, -2032 = -4*r + 4*c. What is the greatest common divisor of 24 and r?
2
Let l = 176 + -17. Let n = -147 + l. Calculate the highest common divisor of n and 3.
3
Suppose 4*a + 11 + 5 = 3*x, -3*x + 13 = -a. Suppose -15*q + 6696 = 39*q. Calculate the greatest common divisor of x and q.
4
Suppose 7*w - 6*w + 9 = 5*s, -15 = -3*s + 3*w. Suppose -b - s = 7. Let q be 1/((-1)/(-18)) + 10 + b. What is the highest common factor of q and 30?
10
Suppose -2*x - 3290 - 754 = -4*c, 5*c - 5051 = 2*x. Calculate the highest common divisor of c and 57.
19
Let r(o) = 21*o + 173. Let p be r(-8). Let n(c) = 5*c**2 - 17*c + 16. Let j be n(p). What is the highest common divisor of j and 112?
56
Let r(m) = 9*m**2 - 794*m - 604. Let i be r(89). What is the greatest common factor of 4883 and i?
19
Suppose j + 264 = -33. Let y be (j/36)/(1/(-4)). Suppose -6 = y*l - 36*l. What is the greatest common factor of 8 and l?
2
Let f(t) = 9*t**2 + 40*t + 80. Let u be f(-2). Calculate the greatest common divisor of u and 2244.
12
Let b(i) = 5*i**2 + 40*i - 249. Let c be b(5). What is the highest common divisor of c and 8018?
38
Let y = -102 + 106. Let w be (1/y + (-143)/220)*-30. Calculate the greatest common divisor of 4 and w.
4
Suppose -754 = -3*c - 55*c. Suppose c*g - 160 = 35. Calculate the highest common divisor of g and 35.
5
Let x = -17418 + 17637. What is the greatest common divisor of 14016 and x?
219
Suppose -24*f = -26*f + 8. Suppose -11*t + 10*t + 105 = -v, -f*v = t - 90. What is the highest common factor of 170 and t?
34
Let h be 494 - 17/((-68)/(-32)). Suppose -4*v + 0*v - 178 = -3*o, -4*o + 224 = -2*v. What is the greatest common divisor of h and o?
54
Suppose 0 = -k + 3. Suppose 4*o = 3*p - 10, -p = 2*o - 4*p + 2. Let m be (-4 - (o - -4)) + 37. What is the greatest common divisor of k and m?
3
Let x = 46 - 47. Let u be x/2*3*48/(-4). Let n be 10*(8/(-12))/((-15)/u). What is the greatest common factor of n and 56?
8
Let v be (-19 + 88)*(-80)/9*18/(-24). Calculate the greatest common divisor of v and 1220.
20
Let m be (-2)/6*((-10 - -7) + -3). Suppose 2*r = -m*y + 6*y + 96, 0 = 3*r - 2*y - 124. What is the greatest common divisor of 6 and r?
2
Let w = 173 + -169. Suppose n - 26 = -w. Calculate the greatest common factor of 209 and n.
11
Let a be 792 + (1 - -4 - 0). Suppose -5*y - 187 = -a. Calculate the greatest common divisor of 2 and y.
2
Let u be 78/(-30) + 121130/50. Calculate the highest common factor of 40 and u.
20
Let l = -5 + 71. Suppose 2*s - 64 = l. Calculate the greatest common factor of 143 and s.
13
Let t = 33 + 21. Let n be (4 + 47)/(2 + -1). Let a = n - 15. Calculate the highest common factor of t and a.
18
Let c(n) = -12*n + 41. Let m be c(-3). Suppose 4*f = 5*d + 183, -2*f + f + m = 5*d. Calculate the greatest common factor of f and 91.
13
Let l(o) = o**2 + 11*o - 221. Let m be l(11). Let p be 7/(3/(-4) + 1). What is the greatest common divisor of m and p?
7
Let j = 8504 - 8471. What is the greatest common factor of j and 715?
11
Suppose 4*r + 55 = 8*r - l, -25 = -5*l. Let t be 6 + (-1 - 1) + 71. Calculate the highest common factor of t and r.
15
Let g be (-9)/((-126)/56) - -101*4. What is the greatest common factor of g and 384?
24
Let o(d) = d**2 - 21*d + 24. Let i be o(21). Let x be 28/2 - (-14)/7. Suppose -x = 2*v - 20. Calculate the greatest common factor of v and i.
2
Suppose -2*x = -x - 19. Suppose -36*y = -42*y + 798. Suppose 2*n + y = 9*n. What is the greatest common divisor of x and n?
19
Suppose -5*x + 372*t + 3708 = 365*t, -5*t = -2*x + 1470. Calculate the highest common factor of 40 and x.
10
Let n be 6*(-248)/(-32)*(-152)/(-12). What is the greatest common factor of 437 and n?
19
Let o = -499 + 659. Calculate the greatest common divisor of 96 and o.
32
Suppose 0 = 16*u - 3*u + 44*u - 362748. Calculate the greatest common factor of 444 and u.
148
Suppose -c + 28 = -4. Let o = 337 + -481. Let a = o - -176. Calculate the greatest common divisor of c and a.
32
Let x(b) = 2*b**2 + 8*b + 30. Let d be x(-5). Suppose -a - a = -10, -318 = t - 2*a. Let v = -208 - t. What is the greatest common divisor of d and v?
20
Let z be (120/(-9))/(34/(-51)). Suppose 22*l - z*l - 4 = 0. Let h = -5 + 14. What is the highest common factor of h and l?
1
Suppose -4*y + 68 = 2*c - 2, -3*c - 48 = -3*y. Suppose -20*x + 23*x - 1581 = 0. Calculate the greatest common divisor of y and x.
17
Let v(t) = -2618*t - 442. Let w be v(-3). What is the highest common divisor of w and 170?
34
Suppose 3*z + 0*z = 210. Let n be ((-20)/(-6) - 3)/(1/174). Let r = 93 - n. Calculate the greatest common factor of r and z.
35
Suppose 34*i + 237 = 1023 + 302. Let f(v) = 3*v + 2. Let k be f(-3). Let r be (-10)/(-1 - k/8). Calculate the highest common divisor of r and i.
16
Let q(f) = -f - 5. Let h be q(-19). Suppose -5*b + 3*m + 475 = 0, b - m - 93 = -0*b. What is the greatest common factor of h and b?
14
Let d = -27 - -32. Suppose 0*c - 5*c + 8 = 4*y, 4*y + 32 = d*c. Suppose 26 - 9 = o - 4*g, 3*o - 43 = c*g. What is the highest common divisor of o and 65?
13
Let m(j) = -j**2 - 20*j - 27. Let f be (-16)/2 + (-11 - -23) + -12. Let c be m(f). Calculate the greatest common factor of 184 and c.
23
Let w = 85 - 80. Let v be (32 + ((-60)/w)/6)*1. Calculate the highest common factor of 20 and v.
10
Let q = 577 - 278. Let r = q + -174. Calculate the greatest common factor of 50 and r.
25
Let d(u) = u**3 - 3*u**2 + 5*u + 4. Let l be d(4). Suppose 14 = -b - 336*n + 339*n, 2*b - 3*n = -4. What is the greatest common factor of l and b?
10
Let u(g) = -12*g + 68. Let z be u(0). Calculate the highest common divisor of z and 8636.
68
Let y = 518 + 1746. What is the highest common factor of 8 and y?
8
Suppose 64*o - 9480 = 2*o - 2660. What is the greatest common factor of o and 6?
2
Let u = 32 + -25. Let